i**3/3 + 3. Let p(g) be the third derivative of m(g). What is the tens digit of p(-11)?
1
Let j be (5 - 8) + (-22)/(-1). What is the units digit of 2*(j + 4 - 3)?
0
Suppose 0 = 5*z + y - 4175, y = 5*z - 5698 + 1513. What is the hundreds digit of z?
8
Let a be 88/(-12)*3*(1 - 0). What is the units digit of (2 + -1)*9*a/(-3)?
6
Let a be (-9)/(-6)*48/18. Suppose a*s + 1 = 21. What is the units digit of s?
5
Let m = -109 - -112. Suppose a + 3*h - 11 = 85, 0 = m*a - 3*h - 264. What is the units digit of a?
0
Let t(b) = b + 2. Let u be t(5). Suppose -u*r + 10*r = 0. What is the tens digit of -27*(-1)/(1 - r)?
2
Suppose 3*x = 2*x + 56. Let v be -1*(-20)/15*-21. Let p = v + x. What is the units digit of p?
8
Let t(u) = u**2 - 9*u - 7. Let f be t(10). Suppose -i - 42 = -2*x, -81 = 3*x - 6*x - f*i. Let m = x - -2. What is the tens digit of m?
2
Suppose 6*n + 84 = 8*n. What is the units digit of n?
2
Let d(l) be the third derivative of l**7/1260 + l**6/120 - l**5/15 - 3*l**2. Let h(r) be the third derivative of d(r). What is the tens digit of h(7)?
3
Let q(o) = 22*o - 1. Let t be q(3). Let c(v) = -43*v**2 - 2*v + 1. Let z be c(1). Let h = t + z. What is the tens digit of h?
2
Let h(z) = -z**3 - 4*z**2 - 3*z - 4. Let q be h(-2). Suppose j - 3*j + 4 = 0. What is the units digit of 21/j - (-9)/q?
9
Let r = -1024 - -1628. What is the hundreds digit of r?
6
What is the units digit of 4/(-1)*(-8)/(448/11522)?
3
Suppose -17*l + 5*l + 8460 = 0. What is the hundreds digit of l?
7
Let j = -89 + 45. Let y = j + 92. Let i = y - 28. What is the units digit of i?
0
What is the tens digit of (364 - (-1 - -11)) + 3*-1?
5
Suppose -y + 242 = -0*y. Suppose 3*b - b - y = 0. Suppose -1 = -k + 2, -3*k + b = 2*d. What is the units digit of d?
6
Let f = -390 + 732. What is the hundreds digit of f?
3
Suppose 0 = 3*s + 1 + 20. What is the tens digit of 104/1 + s/7?
0
What is the tens digit of ((-9)/(315/(-2408)))/(4/30)?
1
Let o(l) = 10*l**2 - 180*l - 7. What is the hundreds digit of o(-6)?
4
Suppose f - 13 = 11. Suppose -3*s = 87 + f. Let i = s - -63. What is the units digit of i?
6
Suppose -22 = -12*b + b. What is the units digit of 150 - 1/b*2?
9
Let x(t) = -t**2 + 8*t + 935. What is the units digit of x(0)?
5
Let f = -3108 - -4732. Suppose -55*a + 48*a = -f. What is the units digit of a?
2
Let a be (1/3)/(11/132). Suppose -3*c + 20 = 5*i + c, a*i = -c + 16. Suppose -w = 3*o - 38, i*o - 4*w - 48 = -6*w. What is the units digit of o?
4
Let c = 34 + -34. What is the units digit of -1 - c - (-8)/2?
3
Suppose -4*l + 8*l - 72 = 0. Let y be (l/27)/(1/42). Let p = y - -2. What is the tens digit of p?
3
Let l(h) = 8 - 4*h + 5*h + 4*h + h. Suppose 28*q + 18 = 30*q. What is the tens digit of l(q)?
6
Let v be 6*((-10)/3 + 3). Let m be 8/v*54/24. What is the units digit of 0 - (-63)/(m/(-3))?
1
Let g = -177 - -275. What is the tens digit of 17 + g - (3 + -1)?
1
What is the tens digit of 264*1 - (-7 + 2)/1?
6
Let l(g) = g**3 - 6*g**2 + 3*g + 5. Let r = 21 + -19. Suppose -3 = -r*y + 9. What is the tens digit of l(y)?
2
Let s = 660 + -237. What is the hundreds digit of s?
4
Suppose -g - 2*l = -2255, -52*g = -55*g + 5*l + 6721. What is the hundreds digit of g?
2
Suppose 45*g = 35022 + 8358. What is the tens digit of g?
6
Suppose -2*t = 2*g + 22, 0*t - 2*g - 16 = t. Let u(f) = 5*f. Let k be u(t). Let y = 39 + k. What is the units digit of y?
9
Let m(q) = q**3 - 9*q**2 + 5. Let o be m(9). Suppose i = s - 3, -15 = 5*i - i - o*s. Suppose i = -5*j - 2*x - x + 54, -j - x = -10. What is the tens digit of j?
1
Let s(u) = -u**3 + 7*u**2 - 16*u + 25. Let i(d) = d**3 - 8*d**2 + 17*d - 24. Let f(g) = -5*i(g) - 4*s(g). What is the units digit of f(9)?
4
Let s = 1041 + -445. What is the units digit of s?
6
Let x = 828 + 2408. What is the units digit of x/30 + 8/60?
8
Let o(k) = k - 1. Let p(d) = -4*d**2 + 10*d - 7. Let q(y) = 2*o(y) - p(y). What is the units digit of q(5)?
5
Suppose 3*h - 163 = 221. Let y be (78/(-8))/((-24)/h). Let u = 75 - y. What is the units digit of u?
3
Let n = -3967 - -5588. What is the hundreds digit of n?
6
Let a = 1226 - 563. What is the tens digit of a?
6
Let i = 0 - -12. Let t be 3 - (-9)/i*-4. Suppose 2*n - 36 = -t*n. What is the units digit of n?
8
Let a = 9 + -8. Let m be a/(-2) + (-218)/(-4). Suppose -4*z - 6 = -m. What is the tens digit of z?
1
Let d be 0 - (-1 - (0 - -3)). Suppose -2*w = d*k - 16 - 2, 4*k - 3*w - 33 = 0. Suppose k*m = m + 100. What is the units digit of m?
0
Let b(m) = -570*m + 150. What is the units digit of b(-2)?
0
Let o = -1831 - -983. Let y = -53 - o. What is the tens digit of y/20 - (-2)/8?
4
Suppose -r - 3 = -8. Suppose 13 = -3*n + 2*i, 2*n + r*i - 5 + 1 = 0. What is the units digit of 4*n*3/(-18)?
2
Let k = -6 + -19. Let c(b) = 24*b + 6. Let w be c(2). Let x = k + w. What is the units digit of x?
9
Let s(g) = -67*g**3 - 2*g - 1. What is the units digit of s(-2)?
9
Suppose 4*q = -q - 35. Let t = q - -9. What is the units digit of t?
2
Suppose 0 = -2922*z + 2915*z + 8225. What is the units digit of z?
5
Let w = -5 + 8. Suppose -w*k = 2*k + 2180. What is the units digit of k/(-8) - 3/(-2)?
6
Let u be (-6 + 18)*(-6)/4. Suppose 5*d + 27 - 2 = 0. What is the tens digit of u/d*100/30?
1
Let o = -145 + 1436. What is the hundreds digit of o?
2
Suppose -2*o - 28 = -8. Let s = o + 12. Suppose -9 + 35 = s*c. What is the tens digit of c?
1
Let t be 169 + 4/(-12)*-3. Suppose 0 = 2*x - 50 - t. Suppose h = 6*h - x. What is the tens digit of h?
2
Suppose 6*n + 30 = 3*n. Let k = n + 6. What is the units digit of 4/(-16) + (-85)/k?
1
Suppose -2*z = -3*u - 905, 6*z - 930 = 4*z - 2*u. What is the tens digit of 8/2*(z/16 + 3)?
2
Let i(t) = -10*t**3 + 7*t**2 + 3*t + 2. What is the units digit of i(-4)?
2
Let u(x) = x - 8. Let m be u(12). Let r(o) = -m*o + 0*o - 5 + 2*o - 2*o. What is the units digit of r(-8)?
7
Let q = 5121 + -3010. What is the thousands digit of q?
2
Let a(l) = -2*l**2 - 15*l - 6. Let b be a(-7). What is the tens digit of (-7)/b*(1 + -6)?
3
Let r(i) be the first derivative of i**3/3 - 2*i**2 + 12*i - 128. Suppose -2*a + 25 = 3*a. What is the units digit of r(a)?
7
Let v be (5 - 15)/(6/(-15)). Let b = v - 15. What is the units digit of b?
0
Let h = 65 + -63. What is the tens digit of (208/(-12))/(h/(-9))?
7
Suppose -7504 = -918*j + 914*j. What is the units digit of j?
6
Suppose 5*h + 289 = a, -a - h + 410 - 97 = 0. What is the hundreds digit of a?
3
Let j(w) be the second derivative of w**4/3 - w**3/2 - 3*w**2/2 - w. What is the tens digit of j(-2)?
1
Suppose 4*a - 26 = -6. Suppose -a*y = y - 696. What is the tens digit of y?
1
Suppose -70 = j - 6*j. Suppose j*q = 329 + 973. What is the units digit of q?
3
Let c(j) = -4*j**3 - 6*j**2 - 2*j + 3*j**3 - 7*j**2 - 4 + 10. Let m be c(-13). Let a = 57 - m. What is the units digit of a?
5
Let l be (-2)/20*-2 + 249/5. Let h = 7 + -2. Suppose -h*k + 3 = -7, -5*k = 5*q - l. What is the units digit of q?
8
Let l = -125 + 177. Let h be 3/(4 - 3) + 2. Suppose 0 = h*j - l - 83. What is the tens digit of j?
2
Let g(c) = 27*c**3 + 4*c**2 + 31*c - 125. What is the thousands digit of g(5)?
3
Let s = 1325 - 849. What is the tens digit of s?
7
Suppose -2*j + 3*i = -3*j - 21, -3*j + 2*i = 8. Let z = -43 + 83. Let o = z + j. What is the units digit of o?
4
Let g be (-2)/(2 + (-1184)/590). Let z = -176 + g. Let s = z - 60. What is the units digit of s?
9
Let x(h) = -h + 19. Suppose -5*b = 2*f - b + 28, 5*f = 2*b - 34. Let d = 8 - f. What is the units digit of x(d)?
3
Suppose 2*s - 1872 = 2*v, -3*s - 12*v = -10*v - 2783. What is the units digit of s?
1
Let i be 1/2 + (-84)/(-8). Suppose -3*u - 16 + 79 = 0. Let s = u - i. What is the tens digit of s?
1
Let y(a) = a**3 - 2*a - 4. Let i be y(3). Suppose -3*u = -5*c + 45, 2*c + 2*u - i = 3*u. What is the units digit of (15/c)/((-3)/(-12))?
0
Suppose -4*n + n - 855 = -m, 3*m - 2572 = 2*n. What is the hundreds digit of m?
8
Suppose 0 = -8*d + 15 + 193. What is the tens digit of 1/(1/d) + 21/(-7)?
2
Let z(u) = 240*u + 42. What is the units digit of z(6)?
2
Let v be (0 - 3/4)*(160 - -4). Let c = 202 + v. What is the units digit of c?
9
Let h be ((-96)/(-80))/(1/(-5)). What is the hundreds digit of (-7 - h)/(4/(-1136))?
2
Let c = -4869 - -7522. What is the tens digit of c?
5
Suppos